atest common factor of 7 and m.
7
Let r(h) = -5*h + 7. Let p be r(-5). Suppose 2*c = -3*q + p, 3*q + 5*c - 22 - 22 = 0. What is the greatest common factor of q and 72?
8
Let u(b) = b**2 - 17*b + 6. Let h be u(19). Calculate the highest common factor of h and 4.
4
Suppose 2*p = -0*p + 54. Let z = 18 + -15. What is the highest common factor of p and z?
3
Let x be 3 - (-1)/(4 - 5). Calculate the greatest common factor of x and 16.
2
Let t be (33/(-66))/(2/(-68) - 0). Calculate the highest common factor of 153 and t.
17
Let o be 3/15 + (-9)/(-5). Suppose -3*d = 12, -o*j + 21 = -d - 307. What is the highest common factor of j and 18?
18
Let w = 47 + -20. Let k = 79 - w. Calculate the highest common divisor of k and 13.
13
Suppose -6*h + 5*h = -3. Suppose 4*u + u - 203 = -3*p, -267 = -4*p - h*u. What is the greatest common factor of p and 6?
6
Let w(q) = q**3 - q**2 + 5*q - 4. Let h be w(7). What is the greatest common divisor of 13 and h?
13
Let z(d) = d**3 + 8*d**2 + 6*d - 3. Let l be z(-7). Suppose s - l*w - 6 = 18, -4*s + 45 = w. Calculate the highest common factor of 12 and s.
12
Let z be -1*((-2 - 24) + 1). Suppose n = -z + 100. Suppose -2*d + 7*d = n. Calculate the highest common factor of d and 15.
15
Let i be -1 - 26/(0 + -2). Let g = -35 + 61. Suppose 2*u + 5*a = 34, -3*u + g = -0*u - 5*a. Calculate the greatest common divisor of i and u.
12
Suppose -6*s + 59 + 13 = 0. Calculate the highest common factor of 96 and s.
12
Let b = 32 - -33. Suppose 0 = -5*l + 2*y + 36 + 39, -l + 4*y + 33 = 0. Calculate the highest common factor of l and b.
13
Let y(o) = 4*o + 4. Let j be y(6). Let u(i) = -i**2 + 6*i - 2. Let b be u(5). Suppose 28 = -t + b*t. Calculate the highest common factor of t and j.
14
Let h(d) be the second derivative of d**3 - d**2/2 + d. Let x be h(-1). Let t(m) = -5*m + 1. Let y be t(x). What is the greatest common factor of 18 and y?
18
Let u = -6 + 24. What is the highest common factor of 12 and u?
6
Let n = -488 + 281. Let u = n + 333. Suppose -2*z + 40 = 3*i, -2*z - i + 15 + 17 = 0. What is the highest common factor of z and u?
14
Let w be 2/10 - 21/5. Let l(u) = -3*u**3 - u**2 - 4*u. Let c be l(w). What is the greatest common divisor of 24 and c?
24
Let w(s) = -s**2 + 18*s + 4. Let z be w(13). What is the highest common divisor of 23 and z?
23
Suppose 29 + 151 = 5*j. What is the highest common factor of j and 18?
18
Suppose -p + 3 - 8 = 0, -5*n = 5*p - 215. Let b(h) = -h**2 + 10*h + 7. Let u = 21 + -12. Let x be b(u). What is the highest common divisor of n and x?
16
Let s be (-8)/44 + 530/11. Let q = -34 + s. Calculate the highest common divisor of 7 and q.
7
Let m be 0/2 - (-24)/(-4). Let o(h) = -2*h - 9. Let t be o(m). Calculate the greatest common factor of t and 9.
3
Suppose 4*g - 2 = 2. Let p(f) = 373*f**2. Let y be p(g). Suppose n - 4*n - y = -5*b, -3*b + 2*n + 223 = 0. Calculate the greatest common divisor of b and 7.
7
Suppose 26 = 2*t - t - 4*d, 0 = 2*t - 3*d - 57. Calculate the highest common factor of 210 and t.
30
Suppose -212 + 2 = -7*t. What is the highest common divisor of t and 20?
10
Suppose 0*f - 92 = -2*d + 2*f, 0 = d - 5*f - 26. Calculate the highest common divisor of 17 and d.
17
Let r = -14 - -38. Suppose z = 1, 0 = -0*o + 5*o - z - r. Suppose 2*m - 6*q = -3*q + 61, -155 = -o*m + 5*q. Calculate the highest common factor of 8 and m.
8
Let k = 69 + -57. What is the highest common factor of 48 and k?
12
Suppose i = q - 3 - 1, 2*q + 2*i = 8. Suppose 5*b - 524 = -q*j, 0*j - 388 = -3*j - 5*b. What is the greatest common divisor of j and 17?
17
Let n(m) = 13*m**2 + 2*m + 3. Let p be n(3). What is the greatest common factor of p and 14?
14
Let p = -99 - -270. Suppose 0 = -3*x - 2*o + 60 - 3, 2*x - o = 38. What is the highest common factor of p and x?
19
Suppose 5*g - 8 = g. Let q(v) = -17*v - 10. Let r be q(-2). Suppose g*j - r = -j. Calculate the greatest common divisor of 24 and j.
8
Let p be -3 + 0 + (2 - 1). Let j be (6/(-15))/(p/90). Calculate the greatest common factor of j and 6.
6
Let f(z) = -4*z - 1. Let o be f(-1). Let k = 8 - o. Calculate the greatest common divisor of k and 20.
5
Suppose 5*d + 25 = 0, 5*i - 19 = 3*d + 131. Let r = 42 - i. Calculate the greatest common factor of 45 and r.
15
Let c(k) = k**2 - 2*k - 6. Let t be c(5). Suppose -r = -2*m + t, 4*m - 4*r - 8 = 4. Calculate the highest common factor of 30 and m.
6
Suppose -p = 2*o + p - 214, 5*p = 3*o - 361. Calculate the highest common factor of 16 and o.
16
Let f(h) = h**2 + 10*h + 13. Let u be f(-15). Calculate the greatest common factor of 22 and u.
22
Let v(c) = -c - 4. Let i be v(-7). Let f be 18*(0 + 1)/2. What is the highest common divisor of f and i?
3
Let x(k) = 4*k - 11. Let v(g) = -5*g. Let t be v(-1). Let j be x(t). Calculate the highest common divisor of 1 and j.
1
Let n(a) = -a**2 - 12*a + 18. Let y be n(-13). Suppose -4*k - 2 = -6, 0 = 2*m + 4*k - 14. Calculate the greatest common divisor of y and m.
5
Let w be (-1910)/(-90) - (-2)/(-9). Suppose -p - 3*p + 20 = 0. Suppose w = -2*u + p*u. Calculate the greatest common divisor of 14 and u.
7
Suppose 4*p - 3*a - 38 = -a, 42 = 4*p + 2*a. What is the highest common divisor of 120 and p?
10
Let l = -32 - -35. What is the greatest common factor of 33 and l?
3
Let m = -2 + 8. Let h(k) = k**2 - 5*k - 5. Let z be h(m). Calculate the highest common divisor of z and 4.
1
Let k = 0 - -19. Let t(h) = 2*h**2 - 7 - h**2 - 4 - h. Let a be t(6). Calculate the highest common factor of a and k.
19
Let l(w) = -w**2 + 10*w + 10. Let a be 1 + -1*(-6 + -3). Let s be l(a). What is the highest common divisor of s and 20?
10
Let r = -17 + 25. Calculate the greatest common divisor of 8 and r.
8
Let n be 406/21 - 4/(-6). What is the greatest common divisor of 50 and n?
10
Let d be (-8)/(3/(9/(-3))). Suppose 4*z - 8 = d, -p - 13 = -4*z. Calculate the highest common divisor of p and 18.
3
Suppose 2*r - q = -0*r + 16, 4*q = -16. Suppose 0*u - k = 3*u - r, -4*u + 8 = k. Suppose -u*l + 5*l = 27. What is the greatest common factor of l and 63?
9
Suppose -i - 5 = -6*i. Let h be 11 + 1/i*-2. Suppose 3*u = -2*u - 5*y + 250, 3*u - 3*y = 120. Calculate the highest common factor of u and h.
9
Suppose 3*p + 2*y + 2*y - 24 = 0, 5*y = 3*p + 3. Let g = p + -8. Let c(i) = i**2 - 4. Let o be c(g). What is the highest common factor of o and 132?
12
Suppose -4*c + 5*c - 3 = 0. What is the highest common divisor of 24 and c?
3
Let q be ((-2)/((-4)/(-14)))/((-7)/21). Suppose -35 = -3*p + a, -p - a + 0*a = -13. Let w = q - p. What is the greatest common divisor of w and 45?
9
Suppose s = 5*z - 7, 5*s + 2*z - 19 = -0. Suppose m = 2*m - 2. Suppose -21 = -f + 4*d, m*f - 71 = -3*f + s*d. Calculate the highest common factor of f and 104.
13
Suppose 0*y + y = 2. Let z be (-207)/y*(4 - 6). Calculate the highest common divisor of 23 and z.
23
Let a be 25 - 15 - (-1 - 1). What is the highest common divisor of a and 12?
12
Let p(c) = c**2 - 6*c - 4. Let j be p(8). Suppose 3*a = -5*q + 21, 2*a + a - 42 = 2*q. What is the highest common divisor of j and a?
12
Let a(j) = j**3 - 11*j**2 + 10*j + 2. Let m be a(10). Suppose -x = -m*d - 34, -2*d = x + 2*d - 64. What is the highest common factor of x and 11?
11
Let q be (18/15)/((-6)/(-20)). Suppose 101 = 3*l + 5*j, -q + 2 = -2*j. What is the highest common divisor of 4 and l?
4
Suppose -i - 28 = -3*i. What is the highest common factor of 98 and i?
14
Let n = 0 + 2. Let k be 100 - n/4*2. What is the greatest common factor of 9 and k?
9
Let q = 355 + -243. Calculate the greatest common factor of q and 14.
14
Let z(s) = 2*s - 2. Let i be ((-7)/(-2) + -2)*2. Let r be z(i). Calculate the highest common factor of r and 6.
2
Let o = 61 - 43. Let a be (-2 - (-10)/4)/(7/252). What is the greatest common factor of a and o?
18
Let s = -3 - -4. Let w be (s*-151 - -1)*1. Let h = -90 - w. Calculate the greatest common factor of h and 15.
15
Let r = -2 - 11. Let w(h) = h**3 + 12*h**2 - 14*h + 2. Let c be w(r). What is the highest common divisor of c and 30?
15
Let a be 2/5*(421 + 4). Calculate the highest common factor of a and 17.
17
Let b(t) be the first derivative of -4*t - 3 - 1/4*t**4 - 5/2*t**2 + 7/3*t**3. Let y be b(4). Calculate the highest common factor of y and 36.
12
Suppose -5*u - 4*d = 13, 2